{"id":210,"date":"2017-06-29T09:46:30","date_gmt":"2017-06-29T09:46:30","guid":{"rendered":"https:\/\/al-ahibba.be\/?page_id=210"},"modified":"2024-02-01T16:13:32","modified_gmt":"2024-02-01T15:13:32","slug":"next-events","status":"publish","type":"page","link":"https:\/\/al-ahibba.be\/?page_id=210","title":{"rendered":"Next Events"},"content":{"rendered":"<section class=\"wpb-content-wrapper\"><p>[vc_row][vc_column][vc_empty_space height=&#8221;3em&#8221; alter_height=&#8221;none&#8221; hide_on_mobile=&#8221;&#8221;][vc_empty_space height=&#8221;3.55em&#8221; alter_height=&#8221;none&#8221; hide_on_mobile=&#8221;1,3&#8243;][\/vc_column][\/vc_row][vc_row][vc_column]<div id=\"sc_title_131223669\"\n\t\tclass=\"sc_title color_style_default sc_title_default\"><h3 class=\"sc_item_title sc_title_title sc_align_center sc_item_title_style_default\">Programme des \u00e9v\u00e9nements r\u00e9guliers.<\/h3><\/div><!-- \/.sc_title -->[\/vc_column][\/vc_row][vc_row][vc_column][vc_empty_space height=&#8221;2.3em&#8221; alter_height=&#8221;none&#8221; hide_on_mobile=&#8221;1,3&#8243;][vc_empty_space height=&#8221;1em&#8221; alter_height=&#8221;none&#8221; hide_on_mobile=&#8221;&#8221;][\/vc_column][\/vc_row][vc_row gap=&#8221;35&#8243; equal_height=&#8221;yes&#8221;][vc_column width=&#8221;1\/2&#8243;][vc_single_image image=&#8221;230&#8243; img_size=&#8221;full&#8221; alignment=&#8221;center&#8221;][\/vc_column][vc_column width=&#8221;1\/2&#8243;][vc_custom_heading text=&#8221;For Hommes&#8221; font_container=&#8221;tag:h5|text_align:left&#8221; use_theme_fonts=&#8221;yes&#8221; css=&#8221;.vc_custom_1706800375478{margin-top: 0px !important;margin-bottom: 0px !important;}&#8221;][vc_empty_space height=&#8221;1.4em&#8221; alter_height=&#8221;none&#8221; hide_on_mobile=&#8221;&#8221;][vc_column_text]<\/p>\n<h6>Mardi<\/h6>\n<p><strong>Entre Maghrib et Isha:\u00a0<\/strong>Cours Hifz avec si Dahhou (en Francais)<\/p>\n<h6>Vendredi<\/h6>\n<p><strong>13:00 :<\/strong>\u00a0Jumua<br \/>\n<strong>Entre Maghrib et Isha:\u00a0<\/strong>Cours Tajweed avec Sheikh Yaseen (en Arabe)<\/p>\n<h6>Dimanche<\/h6>\n<p><strong>Entre Maghrib et Isha:\u00a0<\/strong>Cours Tajweed avec Mohamed Alaoui pour jeunes (en Francais)[\/vc_column_text][\/vc_column][\/vc_row][vc_row][vc_column][vc_empty_space height=&#8221;2em&#8221; alter_height=&#8221;none&#8221; hide_on_mobile=&#8221;&#8221;][vc_empty_space height=&#8221;0.2em&#8221; alter_height=&#8221;none&#8221; hide_on_mobile=&#8221;1,3&#8243;][\/vc_column][\/vc_row][vc_row gap=&#8221;35&#8243; equal_height=&#8221;yes&#8221;][vc_column width=&#8221;1\/2&#8243;][vc_custom_heading text=&#8221;For Women&#8221; font_container=&#8221;tag:h5|text_align:left&#8221; use_theme_fonts=&#8221;yes&#8221; css=&#8221;.vc_custom_1501854265119{margin-top: 0px !important;margin-bottom: 0px !important;}&#8221;][vc_empty_space height=&#8221;1.4em&#8221; alter_height=&#8221;none&#8221; hide_on_mobile=&#8221;&#8221;][vc_column_text]<strong>8:00 am &#8211; 9:00 am:<\/strong> Group of memorizing the Koran (young people 9-15 years), classesin the mosque.<\/p>\n<p><strong>2:30 am &#8211; 2:00 Pm:<\/strong> After the prayer, the Maghreb &#8211; reading the Qur&#8217;an according to the Kalun method.<\/p>\n<p><strong>1:30 Pm:<\/strong> Juma-namaz (summer time)<\/p>\n<p><strong>6:00 Pm &#8211; 7:00 pm:<\/strong> After the prayer of the Maghreb &#8211; reading the Qur&#8217;an according to the Kalun method (the second floor of the mosque&#8217;s male hall)[\/vc_column_text][\/vc_column][vc_column width=&#8221;1\/2&#8243;][vc_single_image image=&#8221;231&#8243; img_size=&#8221;full&#8221; alignment=&#8221;center&#8221;][\/vc_column][\/vc_row][vc_row][vc_column][vc_empty_space height=&#8221;2em&#8221; alter_height=&#8221;none&#8221; hide_on_mobile=&#8221;&#8221;][vc_empty_space height=&#8221;0.2em&#8221; alter_height=&#8221;none&#8221; hide_on_mobile=&#8221;1,3&#8243;][\/vc_column][\/vc_row][vc_row gap=&#8221;35&#8243; equal_height=&#8221;yes&#8221;][vc_column width=&#8221;1\/2&#8243;][vc_single_image image=&#8221;229&#8243; img_size=&#8221;full&#8221; alignment=&#8221;center&#8221;][\/vc_column][vc_column width=&#8221;1\/2&#8243;][vc_custom_heading text=&#8221;For Children&#8221; font_container=&#8221;tag:h5|text_align:left&#8221; use_theme_fonts=&#8221;yes&#8221; css=&#8221;.vc_custom_1501854300251{margin-top: 0px !important;margin-bottom: 0px !important;}&#8221;][vc_empty_space height=&#8221;1.4em&#8221; alter_height=&#8221;none&#8221; hide_on_mobile=&#8221;&#8221;][vc_column_text]<strong>8:00 am &#8211; 9:00 am:<\/strong> Group of memorizing the Koran (young people 9-15 years), classesin the mosque.<\/p>\n<p><strong>2:30 am &#8211; 2:00 Pm:<\/strong> After the prayer, the Maghreb &#8211; reading the Qur&#8217;an according to the Kalun method.<\/p>\n<p><strong>1:30 Pm:<\/strong> Juma-namaz (summer time)<\/p>\n<p><strong>6:00 Pm &#8211; 7:00 pm:<\/strong> After the prayer of the Maghreb &#8211; reading the Qur&#8217;an according to the Kalun method (the second floor of the mosque&#8217;s male hall)[\/vc_column_text][\/vc_column][\/vc_row][vc_row][vc_column][vc_empty_space height=&#8221;2em&#8221; alter_height=&#8221;none&#8221; hide_on_mobile=&#8221;1,3&#8243;][vc_empty_space height=&#8221;1em&#8221; alter_height=&#8221;none&#8221; hide_on_mobile=&#8221;&#8221;][\/vc_column][\/vc_row][vc_row][vc_column]<div id=\"sc_content_1321642894\"\n\t\tclass=\"sc_content color_style_default sc_content_default sc_float_center sc_align_center\"><div class=\"sc_content_container\"><a href=\"\/events\/category\/coming-soon\/\" id=\"sc_button_1799593001\" class=\"sc_button color_style_default sc_button_default sc_button_size_large sc_button_icon_left\"><span class=\"sc_button_text\"><span class=\"sc_button_title\">Join Our Community<\/span><\/span><!-- \/.sc_button_text --><\/a><!-- \/.sc_button --><\/div><\/div><!-- \/.sc_content -->[\/vc_column][\/vc_row][vc_row][vc_column][vc_empty_space height=&#8221;3em&#8221; alter_height=&#8221;none&#8221; hide_on_mobile=&#8221;&#8221;][vc_empty_space height=&#8221;5em&#8221; alter_height=&#8221;none&#8221; hide_on_mobile=&#8221;1,3&#8243;][\/vc_column][\/vc_row][vc_row full_width=&#8221;stretch_row_content_no_spaces&#8221; equal_height=&#8221;yes&#8221; scheme=&#8221;dark&#8221;][vc_column width=&#8221;1\/2&#8243; icons_position=&#8221;left&#8221; css=&#8221;.vc_custom_1498737351250{background-color: #37373f !important;}&#8221;][vc_empty_space height=&#8221;1.35em&#8221; alter_height=&#8221;none&#8221; hide_on_mobile=&#8221;&#8221;]<div id=\"sc_content_1505614987\"\n\t\tclass=\"sc_content color_style_default sc_content_default sc_float_right sc_padding_medium\"><div class=\"sc_content_container\"><div id=\"sc_title_1201691057\"\n\t\tclass=\"sc_title color_style_default sc_title_default\"><h1 class=\"sc_item_title sc_title_title sc_align_left sc_item_title_style_default sc_item_title_tag\">Upcoming Event<\/h1><div class=\"sc_item_descr sc_title_descr sc_align_left\"><p>Grand Islamic Gathering with<br \/>\nChicago Imams<\/p>\n<\/div><\/div><!-- \/.sc_title --><\/div><\/div><!-- \/.sc_content -->[\/vc_column][vc_column width=&#8221;1\/2&#8243; icons_position=&#8221;left&#8221; css=&#8221;.vc_custom_1503479308368{background-image: url(https:\/\/al-ahibba.be\/wp-content\/uploads\/2017\/06\/Untitled-1.png?id=738) !important;}&#8221;][vc_empty_space height=&#8221;1.9em&#8221; alter_height=&#8221;none&#8221; hide_on_mobile=&#8221;&#8221;]<div id=\"sc_content_143402766\"\n\t\tclass=\"sc_content color_style_default sc_content_default sc_float_left sc_padding_medium\"><div class=\"sc_content_container\"><div id=\"sc_countdown_1791084817\"\n\t\tclass=\"sc_countdown sc_countdown_default aligncenter\"\t\tdata-date=\"2024-05-29\"\n        data-time=\"00:00:00\"\n>    <div class=\"sc_countdown_content sc_item_content\">\n\n    \t<div class=\"sc_countdown_inner\"><div class=\"sc_countdown_item sc_countdown_days\">\t\t\t\t<span class=\"sc_countdown_digits\"><span><\/span><span><\/span><span><\/span><\/span>\n\t\t\t\t<span class=\"sc_countdown_label\">d<\/span>\n\t\t\t <\/div><div class=\"sc_countdown_separator\">:<\/div><div class=\"sc_countdown_item sc_countdown_hours\">\t\t\t\t<span class=\"sc_countdown_digits\"><span><\/span><span><\/span><\/span>\n\t\t\t\t<span class=\"sc_countdown_label\">h<\/span>\n\t\t\t<\/div><div class=\"sc_countdown_separator\">:<\/div><div class=\"sc_countdown_item sc_countdown_minutes\">\t\t\t\t<span class=\"sc_countdown_digits\"><span><\/span><span><\/span><\/span>\n\t\t\t\t<span class=\"sc_countdown_label\">m<\/span>\n\t\t\t<\/div><div class=\"sc_countdown_separator\">:<\/div><div class=\"sc_countdown_item sc_countdown_seconds\">\t\t\t\t<span class=\"sc_countdown_digits\"><span><\/span><span><\/span><\/span>\n\t\t\t\t<span class=\"sc_countdown_label\">s<\/span>\n\t\t\t<\/div><div class=\"sc_countdown_placeholder hide\"><\/div>\n\n         <\/div>\n\t\t\n\t<\/div><\/div>[vc_empty_space height=&#8221;1.75em&#8221; alter_height=&#8221;none&#8221; hide_on_mobile=&#8221;&#8221;][vc_column_text]<script>(function() {\n\twindow.mc4wp = window.mc4wp || {\n\t\tlisteners: [],\n\t\tforms: {\n\t\t\ton: function(evt, cb) {\n\t\t\t\twindow.mc4wp.listeners.push(\n\t\t\t\t\t{\n\t\t\t\t\t\tevent   : evt,\n\t\t\t\t\t\tcallback: cb\n\t\t\t\t\t}\n\t\t\t\t);\n\t\t\t}\n\t\t}\n\t}\n})();\n<\/script><!-- Mailchimp for WordPress v4.9.10 - https:\/\/wordpress.org\/plugins\/mailchimp-for-wp\/ --><form id=\"mc4wp-form-1\" class=\"mc4wp-form mc4wp-form-564\" method=\"post\" data-id=\"564\" data-name=\"\" ><div class=\"mc4wp-form-fields\"><p>\n<input type=\"email\" name=\"EMAIL\" placeholder=\"your email\" required \/>\n\t<input type=\"submit\" value=\"subscribe\" \/>\n<\/p>\n<p class=\"terms_agree_checkbox_wrap\">  \t\n    <label class=\"terms_agree_checkbox\"> \n      <input name=\"AGREE_TO_TERMS\" type=\"checkbox\" value=\"1\" required=\"\">\n      I agree that my submitted data is being collected and stored.\n  <\/label>\n<\/p><\/div><label style=\"display: none !important;\">Laissez ce champ vide si vous \u00eates humain\u00a0: <input type=\"text\" name=\"_mc4wp_honeypot\" value=\"\" tabindex=\"-1\" autocomplete=\"off\" \/><\/label><input type=\"hidden\" name=\"_mc4wp_timestamp\" value=\"1778742213\" \/><input type=\"hidden\" name=\"_mc4wp_form_id\" value=\"564\" \/><input type=\"hidden\" name=\"_mc4wp_form_element_id\" value=\"mc4wp-form-1\" \/><div class=\"mc4wp-response\"><\/div><\/form><!-- \/ Mailchimp for WordPress Plugin -->[\/vc_column_text]<\/div><\/div><!-- \/.sc_content -->[\/vc_column][\/vc_row][vc_row][vc_column][vc_empty_space height=&#8221;3em&#8221; alter_height=&#8221;none&#8221; hide_on_mobile=&#8221;&#8221;][vc_empty_space height=&#8221;3.55em&#8221; alter_height=&#8221;none&#8221; hide_on_mobile=&#8221;1,3&#8243;][\/vc_column][\/vc_row][vc_row][vc_column]<div id=\"sc_services_766528203\" class=\"sc_services color_style_default sc_services_default sc_services_featured_top\"><h3 class=\"sc_item_title sc_services_title sc_align_center sc_item_title_style_default\">Next Steps<\/h3><div class=\"sc_item_descr sc_services_descr sc_align_center\"><p>How to Get Closer to Allah<\/p>\n<\/div><div class=\"sc_services_columns_wrap sc_item_columns sc_item_columns_3 trx_addons_columns_wrap columns_padding_bottom\"><div class=\"trx_addons_column-1_3\"><div class=\"sc_services_item with_content with_number sc_services_item_featured_top\">\n\t<span class=\"sc_services_item_number\">01<\/span>\t\n\t<div class=\"sc_services_item_info\">\n\t\t<div class=\"sc_services_item_header\">\n\t\t\t<h4 class=\"sc_services_item_title\"><a href=\"https:\/\/al-ahibba.be\/?cpt_services=preaching\">Preaching<\/a><\/h4>\n\t\t\t<div class=\"sc_services_item_subtitle\"><a href=\"https:\/\/al-ahibba.be\/?cpt_services_group=next-steps\" title=\"View all posts in Next Steps\">Next Steps<\/a><\/div>\n\t\t<\/div>\n\t\t\t\t\t<div class=\"sc_services_item_content\"><p>Lorem ipsum dolor sit amet, consectetur adipiscing elit duis. pat ligula nulla dapibus.<\/p>\n<\/div>\n\t\t\t<div class=\"sc_services_item_button sc_item_button\"><a href=\"https:\/\/al-ahibba.be\/?cpt_services=preaching\" class=\"sc_button sc_button_default\">Learn more<\/a><\/div>\n\t\t\t<\/div>\n<\/div>\n<\/div><div class=\"trx_addons_column-1_3\"><div class=\"sc_services_item with_content with_number sc_services_item_featured_top\">\n\t<span class=\"sc_services_item_number\">02<\/span>\t\n\t<div class=\"sc_services_item_info\">\n\t\t<div class=\"sc_services_item_header\">\n\t\t\t<h4 class=\"sc_services_item_title\"><a href=\"https:\/\/al-ahibba.be\/?cpt_services=memorization-of-the-koran\">Memorization of  The Koran<\/a><\/h4>\n\t\t\t<div class=\"sc_services_item_subtitle\"><a href=\"https:\/\/al-ahibba.be\/?cpt_services_group=next-steps\" title=\"View all posts in Next Steps\">Next Steps<\/a><\/div>\n\t\t<\/div>\n\t\t\t\t\t<div class=\"sc_services_item_content\"><p>Quuntur magni dolores eos qui ratione voluptatem sequi nesciunt.<\/p>\n<\/div>\n\t\t\t<div class=\"sc_services_item_button sc_item_button\"><a href=\"https:\/\/al-ahibba.be\/?cpt_services=memorization-of-the-koran\" class=\"sc_button sc_button_default\">Learn more<\/a><\/div>\n\t\t\t<\/div>\n<\/div>\n<\/div><div class=\"trx_addons_column-1_3\"><div class=\"sc_services_item with_content with_number sc_services_item_featured_top\">\n\t<span class=\"sc_services_item_number\">03<\/span>\t\n\t<div class=\"sc_services_item_info\">\n\t\t<div class=\"sc_services_item_header\">\n\t\t\t<h4 class=\"sc_services_item_title\"><a href=\"https:\/\/al-ahibba.be\/?cpt_services=performing-salat\">Performing Salat<\/a><\/h4>\n\t\t\t<div class=\"sc_services_item_subtitle\"><a href=\"https:\/\/al-ahibba.be\/?cpt_services_group=next-steps\" title=\"View all posts in Next Steps\">Next Steps<\/a><\/div>\n\t\t<\/div>\n\t\t\t\t\t<div class=\"sc_services_item_content\"><p>Lorem ipsum dolor sit amet, consectetur adipiscing elit duis.<\/p>\n<\/div>\n\t\t\t<div class=\"sc_services_item_button sc_item_button\"><a href=\"https:\/\/al-ahibba.be\/?cpt_services=performing-salat\" class=\"sc_button sc_button_default\">Learn more<\/a><\/div>\n\t\t\t<\/div>\n<\/div>\n<\/div><\/div><\/div><!-- \/.sc_services -->[\/vc_column][\/vc_row][vc_row][vc_column][vc_empty_space height=&#8221;3em&#8221; alter_height=&#8221;none&#8221; hide_on_mobile=&#8221;&#8221;][vc_empty_space height=&#8221;2.6em&#8221; alter_height=&#8221;none&#8221; hide_on_mobile=&#8221;1,3&#8243;][\/vc_column][\/vc_row][vc_row full_width=&#8221;stretch_row&#8221; scheme=&#8221;dark&#8221; css=&#8221;.vc_custom_1501859393496{background-image: url(https:\/\/al-ahibba.be\/wp-content\/uploads\/2017\/06\/bg_coming.jpg?id=275) !important;background-position: center !important;background-repeat: no-repeat !important;background-size: cover !important;}&#8221;][vc_column][vc_empty_space height=&#8221;3em&#8221; alter_height=&#8221;none&#8221; hide_on_mobile=&#8221;&#8221;][vc_empty_space height=&#8221;3.6em&#8221; alter_height=&#8221;none&#8221; hide_on_mobile=&#8221;1,3&#8243;][vc_empty_space height=&#8221;3em&#8221; alter_height=&#8221;none&#8221; hide_on_mobile=&#8221;&#8221;][vc_empty_space height=&#8221;4.35em&#8221; alter_height=&#8221;none&#8221; hide_on_mobile=&#8221;1,3&#8243;][\/vc_column][\/vc_row]<\/p>\n<\/section>","protected":false},"excerpt":{"rendered":"<p>[vc_row][vc_column][vc_empty_space height=&#8221;3em&#8221; alter_height=&#8221;none&#8221; hide_on_mobile=&#8221;&#8221;][vc_empty_space height=&#8221;3.55em&#8221; alter_height=&#8221;none&#8221; hide_on_mobile=&#8221;1,3&#8243;][\/vc_column][\/vc_row][vc_row][vc_column][\/vc_column][\/vc_row][vc_row][vc_column][vc_empty_space height=&#8221;2.3em&#8221; alter_height=&#8221;none&#8221; hide_on_mobile=&#8221;1,3&#8243;][vc_empty_space height=&#8221;1em&#8221; alter_height=&#8221;none&#8221; hide_on_mobile=&#8221;&#8221;][\/vc_column][\/vc_row][vc_row gap=&#8221;35&#8243; equal_height=&#8221;yes&#8221;][vc_column width=&#8221;1\/2&#8243;][vc_single_image image=&#8221;230&#8243; img_size=&#8221;full&#8221; alignment=&#8221;center&#8221;][\/vc_column][vc_column width=&#8221;1\/2&#8243;][vc_custom_heading text=&#8221;For Hommes&#8221; font_container=&#8221;tag:h5|text_align:left&#8221; use_theme_fonts=&#8221;yes&#8221; css=&#8221;.vc_custom_1706800375478{margin-top: 0px !important;margin-bottom: 0px !important;}&#8221;][vc_empty_space height=&#8221;1.4em&#8221; alter_height=&#8221;none&#8221; hide_on_mobile=&#8221;&#8221;][vc_column_text] Mardi Entre Maghrib et Isha:\u00a0Cours Hifz avec si Dahhou (en Francais) Vendredi 13:00 :\u00a0Jumua Entre Maghrib et Isha:\u00a0Cours&hellip;<\/p>\n","protected":false},"author":1,"featured_media":0,"parent":0,"menu_order":0,"comment_status":"closed","ping_status":"closed","template":"","meta":{"footnotes":""},"class_list":["post-210","page","type-page","status-publish","hentry"],"_links":{"self":[{"href":"https:\/\/al-ahibba.be\/index.php?rest_route=\/wp\/v2\/pages\/210","targetHints":{"allow":["GET"]}}],"collection":[{"href":"https:\/\/al-ahibba.be\/index.php?rest_route=\/wp\/v2\/pages"}],"about":[{"href":"https:\/\/al-ahibba.be\/index.php?rest_route=\/wp\/v2\/types\/page"}],"author":[{"embeddable":true,"href":"https:\/\/al-ahibba.be\/index.php?rest_route=\/wp\/v2\/users\/1"}],"replies":[{"embeddable":true,"href":"https:\/\/al-ahibba.be\/index.php?rest_route=%2Fwp%2Fv2%2Fcomments&post=210"}],"version-history":[{"count":3,"href":"https:\/\/al-ahibba.be\/index.php?rest_route=\/wp\/v2\/pages\/210\/revisions"}],"predecessor-version":[{"id":950,"href":"https:\/\/al-ahibba.be\/index.php?rest_route=\/wp\/v2\/pages\/210\/revisions\/950"}],"wp:attachment":[{"href":"https:\/\/al-ahibba.be\/index.php?rest_route=%2Fwp%2Fv2%2Fmedia&parent=210"}],"curies":[{"name":"wp","href":"https:\/\/api.w.org\/{rel}","templated":true}]}}